ase 16, what is -118 - 1c3?
-2db
In base 13, what is 473b + -19?
4722
In base 7, what is 44 + 1432?
1506
In base 14, what is -55 + 133b?
12c6
In base 15, what is -3e0b - -d?
-3ded
In base 13, what is -155 - -113a?
cb5
In base 6, what is -214540 - 11?
-214551
In base 13, what is -749 + 63?
-6b6
In base 14, what is 4 + -661d?
-6619
In base 9, what is 28167 + 110?
28277
In base 4, what is 11032213012 + 0?
11032213012
In base 14, what is 92c5d + -4?
92c59
In base 9, what is 0 - -5071?
5071
In base 7, what is -4 - -520604?
520600
In base 15, what is -1 + -22db?
-22dc
In base 9, what is 373 + 806?
1280
In base 13, what is 4c26 + b?
4c34
In base 8, what is 4134 - 4?
4130
In base 14, what is 31b47 - -5?
31b4c
In base 2, what is -11011011 + 101101?
-10101110
In base 10, what is 30 + -246?
-216
In base 6, what is 3 - 10320205?
-10320202
In base 9, what is 6270 + 7?
6277
In base 15, what is -4664 + -20?
-4684
In base 13, what is -1 + -507a?
-507b
In base 12, what is -1aa58 - 1?
-1aa59
In base 8, what is -1406 - 12?
-1420
In base 12, what is -402aa0 - -2?
-402a9a
In base 4, what is -2220213 + -2?
-2220221
In base 7, what is -33 + 435?
402
In base 8, what is -2 + 156061?
156057
In base 15, what is 5 + -1dbb?
-1db6
In base 2, what is 10 - 11001000000000111?
-11001000000000101
In base 13, what is -53a64 + -2?
-53a66
In base 7, what is -452624 - 5?
-452632
In base 2, what is 1 - -10000000011000?
10000000011001
In base 10, what is -1609 + -175?
-1784
In base 7, what is -6355066 + -1?
-6355100
In base 14, what is -5 - -b2847?
b2842
In base 3, what is 221021201 + -1001?
221020200
In base 2, what is -1000 + 101010000101?
101001111101
In base 16, what is 18 - -639?
651
In base 12, what is 50 - 2843?
-27b3
In base 7, what is -26 + -343521?
-343550
In base 2, what is 1001001 + -11101110010001?
-11101101001000
In base 9, what is 3 + 270662?
270665
In base 8, what is 11 - 575?
-564
In base 4, what is 0 + 1000223?
1000223
In base 11, what is -3 - 200a3?
-200a6
In base 6, what is -10541 + 43?
-10454
In base 16, what is 3 - 2c27?
-2c24
In base 10, what is 5376 + -151?
5225
In base 3, what is 222211210011 + 10?
222211210021
In base 12, what is 21765a - 5?
217655
In base 3, what is -22 - -110100210121?
110100210022
In base 12, what is 23b + b38b?
b60a
In base 15, what is 2e - 1c907?
-1c8c8
In base 4, what is -1 - 1322323320?
-1322323321
In base 16, what is 3 - 217?
-214
In base 15, what is 153 + -753?
-600
In base 14, what is -11 - 2073?
-2084
In base 11, what is -198 + -260?
-448
In base 3, what is 1002211 - 1020?
1001121
In base 14, what is 11bab + 2?
11bad
In base 5, what is -343 - 12244?
-13142
In base 4, what is 100101202 + -10?
100101132
In base 6, what is 0 - 551153?
-551153
In base 11, what is -9532 - -81?
-9461
In base 7, what is 0 + -10145221?
-10145221
In base 14, what is -3 + 75?
72
In base 7, what is -54 - -36565?
36511
In base 4, what is 112013321 + 102?
112020023
In base 5, what is 43440 + -14?
43421
In base 16, what is -17fa + e?
-17ec
In base 11, what is 8a0 - -1044?
1934
In base 15, what is -3b + 146e?
1433
In base 7, what is -1332 + -4440?
-6102
In base 4, what is 13123103 - 10?
13123033
In base 16, what is 1 + 1ecb9?
1ecba
In base 8, what is -41 - -333?
272
In base 7, what is 361 - -16?
410
In base 14, what is 2393 + -2b?
2366
In base 6, what is 25351 - 0?
25351
In base 2, what is 11100 + -10111111111?
-10111100011
In base 3, what is -11011012 - -2020?
-11001222
In base 7, what is 266 - -133412?
134011
In base 15, what is -2b1 + -1c?
-2cd
In base 7, what is 216661 - -32?
220023
In base 5, what is -4104424 + 3?
-4104421
In base 15, what is -1 + -9588c?
-9588d
In base 15, what is 10bdbd + 0?
10bdbd
In base 8, what is 14 - 1467?
-1453
In base 3, what is 202112 + -11110?
121002
In base 16, what is 1b + -1323?
-1308
In base 9, what is -18704 - 1?
-18705
In base 4, what is 3203 + -3332?
-123
In base 7, what is -6 - -3411221?
3411212
In base 3, what is 2121 - -11220012?
11222210
In base 13, what is 649136 + -1?
649135
In base 3, what is 20000222221 - 11?
20000222210
In base 14, what is -4 - 2925?
-2929
In base 7, what is -400544 + 13?
-400531
In base 7, what is 61116 + 0?
61116
In base 3, what is 10 - 22122?
-22112
In base 4, what is 300133203 + -2?
300133201
In base 9, what is -102 + -680?
-782
In base 12, what is 7 + 21b1?
21b8
In base 13, what is -8b + 12b?
70
In base 15, what is 79 - 138?
-ae
In base 2, what is -1100 - 10011100010101?
-10011100100001
In base 9, what is -17 - 4?
-22
In base 13, what is 4 - -11cc3c?
11cc43
In base 11, what is -6324a + -2?
-63251
In base 11, what is -19a - -53?
-147
In base 3, what is -20002111 + -1?
-20002112
In base 10, what is -1458820 - -5?
-1458815
In base 7, what is -6 - 6153?
-6162
In base 16, what is 5 - -63e?
643
In base 12, what is 2b - 4424?
-43b5
In base 7, what is -106 - -23031?
22622
In base 8, what is -14065 - 21?
-14106
In base 14, what is -19186a - -2?
-191868
In base 7, what is 4 - 12403?
-12366
In base 14, what is d - -22c99?
22ca8
In base 15, what is -13a21 - -7?
-13a19
In base 14, what is -2b8 + -1206?
-14c0
In base 9, what is 5 + 150887?
151003
In base 9, what is 6482 + 2?
6484
In base 10, what is -7 + 354?
347
In base 6, what is 11 + -22413134?
-22413123
In base 14, what is 39 + -13b8?
-137d
In base 16, what is -70b1 + -a?
-70bb
In base 12, what is -1 + 14410?
1440b
In base 9, what is -3564161 + -5?
-3564166
In base 10, what is 58105 - 80?
58025
In base 9, what is -5 + -656055?
-656061
In base 4, what is -220021 - -1023?
-212332
In base 16, what is a - 42b8?
-42ae
In base 12, what is 11a2 - -5?
11a7
In base 16, what is 96 - 1fb?
-165
In base 12, what is -a - 144b?
-1459
In base 13, what is a + 421?
42b
In base 15, what is 2ba - 5?
2b5
In base 8, what is -146157 - 4?
-146163
In base 12, what is 5 + -159ab2?
-159aa9
In base 12, what is -1a + 3a1a0?
3a182
In base 12, what is 2 + -27390?
-2738a
In base 4, what is 2 + 1122311023?
1122311031
In base 2, what is 111110110100 + 0?
111110110100
In base 7, what is -5 + 40532?
40524
In base 8, what is 1020 + -231?
567
In base 12, what is 56 + -92b?
-895
In base 5, what is 134041 - 121?
133420
In base 3, what is 2011 - 10202000?
-10122212
In base 9, what is -3 + -376217?
-376221
In base 10, what is 3528 - -125?
3653
In base 4, what is 202 + 2203303?
2210111
In base 12, what is -1b985 + 0?
-1b985
In base 7, what is 1136456 - 4?
1136452
In base 4, what is 112121120 - 3?
112121111
In base 12, what is 58 - -69b0?
6a48
In base 11, what is -74253 - -5?
-74249
In base 10, what is 2 - 48239?
-48237
In base 2, what is -1111101011 + 100100000?
-1011001011
In base 4, what is 2 - 33200132?
-33200130
In base 11, what is -1 - 12735?
-12736
In base 14, what is 78 + -4b23?
-4a89
In base 14, what is -4 - -521?
51b
In base 7, what is -1 - -435210?
435206
In base 10, what is -1146553 + 1?
-1146552
In base 9, what is -200 - -1088?
788
In base 5, what is 43 - -434404?
440002
In base 14, what is -788d - 0?
-788d
In base 9, what is 3 + 17105?
17108
In base 14, what is 39 - c5?
-8a
In base 7, what is 421003 + 4?
421010
In base 10, what is -57627 + -5?
-57632
In base 4, what is 30120111 - -11?
30120122
In base 11, what is 6111 - 8?
6104
In base 5, what is -2320 + 4?
-2311
In base 15, what is -3 - -35c0?
35bc
In base 4, what is -232131332 + -1?
-232131333
In base 15, what is -23c5c + 6?
-23c56
In base 10, what is 27 + 815?
842
In base 5, what is -1403 + 132?
-1221
In base 13, what is -5 + 1a632b?
1a6326
In base 3, what is 2001 + -212022121?
-212020120
In base 8, what is 4676201 + -3?
4676176
In base 12, what is 15b349 - -2?
15b34b
In base 7, what is -564 - -331?
-233
In base 8, what is -2 + 73342?
73340
In base 12, what is 2 - -131073?
131075
In base 16, what is -15e8 - -2b?
-15bd
In base 7, what is -5 - -4520022?
4520014
In base 6, what is 32 - -302105?
302141
In base 4, what is 3 - -1020013310?
1020013313
In base 2, what is -100 + 111001011101001?
111001011100101
In base 16, what is 58 + d0d?
d65
In base 11, what is 5 - -35926?
35930
In base 13, what is -40502b - -3?
-405028
In base 16, what is 2 + -5f9d8?
-5f9d6
In base 11, what is -133 - 4a?
-182
In base 9, what is -1033 - -123?
-810
In base 16, what is -aab4 + 4?
-aab0
In base 6, what is 5525 - -430?
10355
In base 11, what is 59249